3*b - 3*k - 120 = -6*k, s = -b + k + 44. What is the greatest common divisor of b and 105?
21
Let w(v) = 53*v - 851. Let d be w(26). What is the greatest common divisor of d and 34?
17
Let b = -123 + 147. What is the highest common divisor of 33 and b?
3
Let f(j) = -30*j - 315. Let y be f(-11). Calculate the highest common divisor of y and 9615.
15
Let h = -7330 - -7348. Calculate the highest common divisor of 11349 and h.
9
Let q be (1219/(-424))/((-6)/376) - 2/12. What is the highest common divisor of q and 297?
9
Let m be 2 + -1 - -54 - (-18)/9. Let l = 84 - 46. What is the highest common divisor of l and m?
19
Suppose -51056*c + 153 = -51039*c. What is the greatest common factor of c and 192?
3
Let i(a) = -a**3 + 22*a**2 - 23*a - 28. Let p be i(20). What is the highest common factor of 24 and p?
24
Let t(m) = -3*m**3 - m + 23. Let g(y) = -y + 11. Let d be g(11). Let b be t(d). Suppose -2*w = -25 - b. What is the greatest common factor of 16 and w?
8
Let f = -43 + 39. Let y be (f/(-8))/(3/12). Suppose 2*n = 2*r - 3*r + 62, -3*r = -y*n + 62. Calculate the greatest common factor of n and 279.
31
Let u(o) = -o**3 - 46*o**2 + 131*o + 1694. Let z be u(-48). Let f(v) = 4*v**2 - 14*v - 4. Let l be f(-13). What is the greatest common divisor of l and z?
14
Suppose 765 = -4*t + 5*q + 917, 3*t + 2*q - 91 = 0. What is the highest common divisor of 13486 and t?
11
Suppose 6*a = 355 + 53. Let o = a - 26. Suppose -4*p - 14 = -2, -3*r = 4*p - o. What is the greatest common divisor of 72 and r?
18
Let x = 166 - 160. Let h(p) = 82*p**2 + 8*p + 6. Let l be h(-2). What is the highest common factor of x and l?
6
Let g = 13427 + -2161. What is the highest common factor of 86 and g?
86
Let f be ((-30)/4)/((-10)/20). What is the greatest common divisor of 1215 and f?
15
Let q = 11 + -7. Suppose 9*j - 85 = 14. Suppose 3*c = -j + 17. Calculate the highest common divisor of q and c.
2
Suppose -5*n + 99 = 19. Suppose 99*f - 1544 = 95*f - 8*z, -2*z = -5*f + 1966. What is the highest common factor of n and f?
8
Let x = -70 + 91. Suppose -x*t - 14*t = -840. Suppose 7 - 22 = -5*s. What is the highest common factor of t and s?
3
Let p(m) = 42*m - 7. Let t be p(6). Let x be (0 + -4)*(11172/(-16))/19. Calculate the greatest common factor of t and x.
49
Suppose 3*t + 5*m - 86 = 0, -2*m + 16 = 5*t - 140. Let b = 699 - 696. Let h be -2 - -104 - 2*b. Calculate the highest common divisor of t and h.
32
Let k be 6 + (2/(-4))/(36/72). Suppose -k = 17*i - 12*i, 5*n + 5*i = 55. What is the highest common divisor of 60 and n?
12
Suppose -3*t - 4*b = -5*b - 196, -t + 3*b = -76. Calculate the greatest common factor of t and 416.
32
Let g be 3*17 + (-19 - -19). Suppose -2*z + 93 = 5*n, 3*z - 3*n - 121 = -z. What is the greatest common factor of z and g?
17
Suppose -3*u - 15 = 0, -y = 3*u - 70 - 57. What is the highest common factor of y and 2272?
142
Let q = 1984 - 1309. Calculate the highest common divisor of 243 and q.
27
Suppose 661 = -5*s - 2*t, -5*t - 346 = 5*s + 324. Let v = -124 - s. What is the highest common factor of v and 133?
7
Suppose 2*j - 13*j + 27568 = -2330. What is the greatest common factor of 12 and j?
6
Let l(p) = -p + 6. Let t be l(-5). Suppose 0 = 5*s + 5*n - 65, 159*n = -3*s + 158*n + 15. What is the highest common factor of s and t?
1
Let g = 164 - 38. Suppose -3*k + g = -m, 4*k - 49 = -2*m + 109. Suppose 467 = 27*l + 137 - 777. What is the greatest common divisor of k and l?
41
Let k(g) = -5*g - 25. Let p(i) = -2*i - 8. Let n(z) = -3*k(z) + 8*p(z). Let b be n(-7). What is the highest common factor of b and 90?
18
Let r(y) = 70*y - 392. Let x be r(19). What is the highest common factor of 84 and x?
14
Suppose 0 = -3*c - u + 64, 17 - 16 = u. What is the highest common factor of 2919 and c?
21
Let a(p) = 207*p - 5. Let k be a(3). Suppose 2*z = -5*z + k. Let g = z - 42. What is the greatest common divisor of 2 and g?
2
Let v = -69 - -90. Let z be (-8)/28 + 993/v. What is the highest common divisor of z and 47?
47
Let n be ((-16925)/(-7) + (-2)/(-14))*5/15. What is the greatest common divisor of n and 992?
62
Suppose 0 = -2*r + 4*r - 120. Let m be (48/(-20))/((-1)/r). Let i = -80 + 98. Calculate the highest common factor of m and i.
18
Suppose 0 = -20*x - 15*x + 140. Let b be 5 + (-22)/x - 183/(-6). Calculate the greatest common divisor of 1410 and b.
30
Let d = -3439 - -5037. What is the highest common divisor of d and 376?
94
Suppose 44*m + 2 - 2 = 0. Suppose -13*j + j + 120 = m. What is the greatest common divisor of 170 and j?
10
Let l be 10*20 + -1 + -4 + 3. Suppose -51*g + 4356 = -18*g. Calculate the greatest common factor of l and g.
66
Suppose 0 = -3*u + 2*n + 16, 5*u + 3*n = -0*u + 14. Let s be 5/4 - 1/u - -1. Calculate the greatest common factor of 28 and s.
2
Let o(z) = -85*z - 227. Let h be o(-17). Suppose -5*n - h = 5*f - 3448, -5*n + 2248 = -4*f. What is the highest common divisor of 14 and n?
14
Let b be (-6)/9 - ((-11)/((-66)/(-9226)) + -10). Calculate the greatest common factor of b and 91.
91
Let w be (3/(-2))/(2/(-4)). Let h(t) = 13*t**2 - 6*t + 2. Let q be h(1). Let n be -5 - q*14/(-21). Calculate the greatest common divisor of w and n.
1
Let g = 53 + -44. Let v(s) = 2*s**3 - 4*s**2. Let k be (-6)/(-24) + (-10)/8 - -4. Let n be v(k). What is the highest common divisor of g and n?
9
Suppose -110*f + 109*f = -8581. Suppose -14*a + f = 1399. Calculate the greatest common divisor of a and 57.
57
Let h(w) = -5*w - 85. Let n be h(-47). Let v = 171 - n. What is the greatest common divisor of 651 and v?
21
Let g(j) = -8*j - 61. Let k be g(-8). Let y be k/(147/42 - (-2)/(-4)). Calculate the greatest common divisor of 4 and y.
1
Suppose -3*m + 0*m = -120. Let y(p) = p**2 - 8*p + 40. Let a be y(5). Let s be (6 + 180/(-25))*a*-2. Calculate the highest common factor of s and m.
20
Let y(z) = -5*z**3 + 11*z**2 + z - 2. Let r be y(1). What is the highest common divisor of r and 985?
5
Let x(z) = 7*z + 115. Let r be x(-14). Let b(m) = 8*m. Let k be b(-1). Let h = k + 25. Calculate the highest common factor of r and h.
17
Suppose -5*i + i - 5*m = -12, -4*i + 3*m + 12 = 0. Suppose -3*p - 211 = -4*p + 4*g, 4*p - i*g - 909 = 0. What is the greatest common divisor of 11 and p?
11
Suppose -26*v = -7*v - 627. Let z be (v/2)/(15/40). Let c be (-3)/(-6)*2 + 351. Calculate the highest common factor of z and c.
44
Let v(j) = -638*j - 9648. Let d be v(-16). Calculate the highest common factor of d and 860.
20
Let q = -26 + -7. Let g = q + 352. Let j = 7 - -22. What is the highest common divisor of g and j?
29
Let r be 12/(-15)*20/(-8). Let f be 70/1*(3 - r). Let h = f + -10. Calculate the highest common factor of 15 and h.
15
Suppose 638*p = 657*p - 38. What is the greatest common divisor of 358 and p?
2
Let x = 6717 + -6567. Calculate the highest common divisor of x and 70.
10
Let f = 375 + -200. Suppose 1782 = 6*t + 42. Let q = -220 + t. What is the greatest common divisor of f and q?
35
Suppose 3*a + 5*q = q + 118, 4*a + 2*q - 144 = 0. Let b be a/17 - (-1 + -214). Calculate the highest common divisor of b and 7.
7
Let y(f) = f**3 + 13*f**2 - 190*f - 18. Let i be y(9). What is the greatest common factor of i and 18?
18
Suppose 0 = 5*b - 5*x - 634 - 931, -3*b = -5*x - 941. Calculate the greatest common factor of 32 and b.
8
Let x(a) = 43*a - 3. Let j be x(3). Let c(h) = -h + 27. Let t be c(35). Let f be (t/(-20))/((-3)/(-135)). What is the highest common divisor of j and f?
18
Let r be 2 - (0*2/4 - -2). Let o be ((-3)/(-6) + r)*1202. Suppose 5*p = 199 + o. What is the greatest common factor of 32 and p?
32
Suppose 22612 = n + 2*i, -5*i - 67812 = -3*n - 7*i. What is the greatest common divisor of n and 200?
200
Let b(g) = g**3 + 17*g**2 - 126*g + 16. Let d be b(6). What is the highest common divisor of 253 and d?
11
Let p = 9 - 4. Suppose -p*y + 2*t + 79 = 0, 5*t = -7*y + 2*y + 65. Suppose -14*v = -y*v + 56. What is the greatest common divisor of 28 and v?
28
Let c be 0 - -6*(-1)/(-1). Suppose 5*t + 9*s = 13*s + 174, s + 246 = 8*t. Calculate the highest common divisor of c and t.
6
Let v(h) be the second derivative of h**4/6 + 5*h**3/6 - 53*h**2/2 + 10*h. Let w be v(13). What is the highest common factor of 50 and w?
50
Suppose 0 = 3*i - 117*d + 118*d - 1496, 0 = 5*i +